{"id":391,"date":"2019-11-18T07:30:29","date_gmt":"2019-11-18T06:30:29","guid":{"rendered":"https:\/\/shop.kozenga.fr\/?post_type=product&#038;p=391"},"modified":"2020-05-06T23:28:57","modified_gmt":"2020-05-06T21:28:57","slug":"pendentif-ambre","status":"publish","type":"product","link":"https:\/\/shop.kozenga.fr\/?product=pendentif-ambre","title":{"rendered":"Pendentif Ambr\u00e9"},"content":{"rendered":"<div id=\"short_description_content\" class=\"rte align_justify\">\n<p>Pendentif en argent massif 950 serti avec une Ambre (14x10mm)<\/p>\n<p><em>Chaque bijou est une cr\u00e9ation unique et poin\u00e7onn\u00e9e. Toutes les \u00e9tapes (de la mise en forme, aux soudures jusqu\u2019au polissage) sont r\u00e9alis\u00e9es par mes soins.<\/em><\/p>\n<p><em>Chaque bijou est envoy\u00e9 dans un \u00e9crin avec un certificat d\u2019authenticit\u00e9.<\/em><\/p>\n<\/div>\n","protected":false},"excerpt":{"rendered":"<p>Pendentif en argent massif 950 serti avec une Ambre (14x10mm)<\/p>\n<p><em>Chaque bijou est une cr\u00e9ation unique et poin\u00e7onn\u00e9e. Toutes les \u00e9tapes (de la mise en forme, aux soudures jusqu\u2019au polissage) sont r\u00e9alis\u00e9es par mes soins.<\/em><\/p>\n<p><em>Chaque bijou est envoy\u00e9 dans un \u00e9crin avec un certificat d\u2019authenticit\u00e9.<\/em><\/p>\n","protected":false},"featured_media":393,"comment_status":"open","ping_status":"closed","template":"","meta":{"_themeisle_gutenberg_block_has_review":false},"product_cat":[22],"product_tag":[],"jetpack_sharing_enabled":true,"_links":{"self":[{"href":"https:\/\/shop.kozenga.fr\/index.php?rest_route=\/wp\/v2\/product\/391"}],"collection":[{"href":"https:\/\/shop.kozenga.fr\/index.php?rest_route=\/wp\/v2\/product"}],"about":[{"href":"https:\/\/shop.kozenga.fr\/index.php?rest_route=\/wp\/v2\/types\/product"}],"replies":[{"embeddable":true,"href":"https:\/\/shop.kozenga.fr\/index.php?rest_route=%2Fwp%2Fv2%2Fcomments&post=391"}],"wp:featuredmedia":[{"embeddable":true,"href":"https:\/\/shop.kozenga.fr\/index.php?rest_route=\/wp\/v2\/media\/393"}],"wp:attachment":[{"href":"https:\/\/shop.kozenga.fr\/index.php?rest_route=%2Fwp%2Fv2%2Fmedia&parent=391"}],"wp:term":[{"taxonomy":"product_cat","embeddable":true,"href":"https:\/\/shop.kozenga.fr\/index.php?rest_route=%2Fwp%2Fv2%2Fproduct_cat&post=391"},{"taxonomy":"product_tag","embeddable":true,"href":"https:\/\/shop.kozenga.fr\/index.php?rest_route=%2Fwp%2Fv2%2Fproduct_tag&post=391"}],"curies":[{"name":"wp","href":"https:\/\/api.w.org\/{rel}","templated":true}]}}