{"id":155,"date":"2019-11-17T22:51:07","date_gmt":"2019-11-17T21:51:07","guid":{"rendered":"https:\/\/shop.kozenga.fr\/?post_type=product&#038;p=155"},"modified":"2020-05-04T21:58:00","modified_gmt":"2020-05-04T19:58:00","slug":"boucles-doreilles-sentara","status":"publish","type":"product","link":"https:\/\/shop.kozenga.fr\/?product=boucles-doreilles-sentara","title":{"rendered":"Boucles d&#8217;Oreilles Sentara"},"content":{"rendered":"<div id=\"short_description_content\" class=\"rte align_justify\">\n<p>Boucles d&#8217;Oreilles en argent massif 950 .<\/p>\n<p>Ce bijou est est patin\u00e9 pour donner un aspect vieilli \u00e0 l&#8217;argent et est serti d&#8217;H\u00e9matite.<\/p>\n<p>Possibilit\u00e9 de changer la pierre centrale sur demande.<\/p>\n<p>Chaque bijou est une cr\u00e9ation unique et poin\u00e7onn\u00e9e. Toutes les \u00e9tapes (de la mise en forme, aux soudures jusqu&#8217;au polissage) sont r\u00e9alis\u00e9es par mes soins.<\/p>\n<\/div>\n","protected":false},"excerpt":{"rendered":"<p>Boucles d&#8217;Oreilles en argent massif 950 .<\/p>\n<p>Ce bijou est est patin\u00e9 pour donner un aspect vieilli \u00e0 l&#8217;argent et est serti d&#8217;H\u00e9matite.<\/p>\n<p>Possibilit\u00e9 de changer la pierre centrale sur demande.<\/p>\n<p>Chaque bijou est une cr\u00e9ation unique et poin\u00e7onn\u00e9e. Toutes les \u00e9tapes (de la mise en forme, aux soudures jusqu&#8217;au polissage) sont r\u00e9alis\u00e9es par mes soins.<\/p>\n","protected":false},"featured_media":156,"comment_status":"open","ping_status":"closed","template":"","meta":{"_themeisle_gutenberg_block_has_review":false},"product_cat":[25],"product_tag":[],"jetpack_sharing_enabled":true,"_links":{"self":[{"href":"https:\/\/shop.kozenga.fr\/index.php?rest_route=\/wp\/v2\/product\/155"}],"collection":[{"href":"https:\/\/shop.kozenga.fr\/index.php?rest_route=\/wp\/v2\/product"}],"about":[{"href":"https:\/\/shop.kozenga.fr\/index.php?rest_route=\/wp\/v2\/types\/product"}],"replies":[{"embeddable":true,"href":"https:\/\/shop.kozenga.fr\/index.php?rest_route=%2Fwp%2Fv2%2Fcomments&post=155"}],"wp:featuredmedia":[{"embeddable":true,"href":"https:\/\/shop.kozenga.fr\/index.php?rest_route=\/wp\/v2\/media\/156"}],"wp:attachment":[{"href":"https:\/\/shop.kozenga.fr\/index.php?rest_route=%2Fwp%2Fv2%2Fmedia&parent=155"}],"wp:term":[{"taxonomy":"product_cat","embeddable":true,"href":"https:\/\/shop.kozenga.fr\/index.php?rest_route=%2Fwp%2Fv2%2Fproduct_cat&post=155"},{"taxonomy":"product_tag","embeddable":true,"href":"https:\/\/shop.kozenga.fr\/index.php?rest_route=%2Fwp%2Fv2%2Fproduct_tag&post=155"}],"curies":[{"name":"wp","href":"https:\/\/api.w.org\/{rel}","templated":true}]}}